?
True
Is 1091042039 a composite number?
False
Is 105234949439 a prime number?
True
Is 2094536707 a composite number?
True
Is 116887619 a prime number?
False
Is 248683373 a prime number?
True
Is 41160183287 a composite number?
True
Is 192077174363 prime?
True
Is 1514018989 a composite number?
True
Is 174681718033 a composite number?
False
Is 2360368379 a composite number?
False
Is 157813850743 a composite number?
False
Is 1084181771 a composite number?
True
Is 45923108731 composite?
False
Is 31796046467 a composite number?
False
Is 667129163 a prime number?
False
Is 4464931363 a prime number?
True
Is 155778731 a composite number?
False
Is 135087703 prime?
False
Is 2655500291 prime?
True
Is 13050350609 a composite number?
True
Is 8492816411 composite?
True
Is 2590548011 a composite number?
False
Is 1110283211 composite?
True
Is 360314219 composite?
True
Is 3373869381 a composite number?
True
Is 80464649829 prime?
False
Is 53961009059 a prime number?
False
Is 8501281751 a composite number?
True
Is 1334495717 prime?
True
Is 218556385 composite?
True
Is 3977122217 a composite number?
False
Is 52793513 prime?
True
Is 2467442311 a composite number?
False
Is 1611255707 prime?
True
Is 1126687013 a prime number?
False
Is 2223126287 a composite number?
True
Is 208994633 a composite number?
True
Is 8743847 a prime number?
False
Is 5331131189 a composite number?
True
Is 771395059 composite?
True
Is 49715397793 a prime number?
True
Is 6475238501 prime?
True
Is 26302085897 a prime number?
True
Is 23377115309 prime?
True
Is 197053173037 prime?
False
Is 64928654677 a composite number?
True
Is 1915066291 a prime number?
True
Is 6499444103 prime?
True
Is 2409693227 a prime number?
True
Is 19085162773 a prime number?
False
Is 35647268087 a composite number?
False
Is 776125393 a prime number?
False
Is 149304562051 a composite number?
True
Is 126833121418 prime?
False
Is 1121259571 prime?
True
Is 67624511111 a prime number?
False
Is 58848592871 a composite number?
True
Is 12209168243 prime?
True
Is 1147329903 prime?
False
Is 17323531103 a prime number?
True
Is 1915505261 prime?
True
Is 265709162 a composite number?
True
Is 62680344169 composite?
True
Is 37709361991 prime?
False
Is 272885609 a composite number?
False
Is 150924127 a prime number?
True
Is 113468087 composite?
False
Is 558155981 composite?
False
Is 3543197201 a prime number?
True
Is 84274262089 prime?
True
Is 8438407267 a prime number?
True
Is 254716901 a prime number?
True
Is 4956019283 a prime number?
False
Is 83047976917 a composite number?
False
Is 3111114719 a prime number?
True
Is 66496690882 a prime number?
False
Is 1986242747 a composite number?
True
Is 652279451 a composite number?
False
Is 340488137707 a composite number?
True
Is 362269769 a prime number?
False
Is 1725387163 a composite number?
False
Is 5483738947 composite?
False
Is 1101984227 prime?
True
Is 1176173123 a composite number?
True
Is 782724391 composite?
True
Is 26546359453 a composite number?
True
Is 46543519369 a prime number?
True
Is 371782147 composite?
True
Is 128249039 a prime number?
True
Is 1633584305 a prime number?
False
Is 12124240613 a prime number?
False
Is 31431209599 a composite number?
False
Is 1384157077 prime?
True
Is 14354601851 composite?
False
Is 98954420023 a composite number?
False
Is 120041701789 a composite number?
False
Is 197731723147 prime?
False
Is 3475400923 a prime number?
True
Is 13227733081 a prime number?
False
Is 23456150911 a prime number?
False
Is 27806577791 composite?
True
Is 1290306011 a composite number?
False
Is 6368830729 a prime number?
True
Is 66432739987 composite?
False
Is 21683896781 prime?
True
Is 715437715 composite?
True
Is 9461112929 prime?
False
Is 161266793 a composite number?
True
Is 214794669017 a prime number?
True
Is 158780059519 a composite number?
False
Is 16591339313 composite?
True
Is 77678147 a prime number?
True
Is 1154804747 a prime number?
False
Is 375531383211 a prime number?
False
Is 6163133059 a prime number?
True
Is 2521007831 prime?
True
Is 943415882 prime?
False
Is 585859597 a prime number?
True
Is 15669343603 a composite number?
False
Is 2263928827 a composite number?
True
Is 338051741 composite?
False
Is 8813577035 a composite number?
True
Is 4220450709 composite?
True
Is 22404704759 a composite number?
False
Is 105307755529 a composite number?
False
Is 1561973726 a composite number?
True
Is 813931 prime?
True
Is 2440878923 a prime number?
False
Is 55400347367 composite?
False
Is 13358977171 composite?
False
Is 6221355871 prime?
True
Is 12710629361 composite?
False
Is 79842239063 a prime number?
True
Is 1725661213 prime?
True
Is 3201261617 a composite number?
False
Is 2857387991 prime?
True
Is 625456747 a prime number?
False
Is 50319180547 composite?
False
Is 1621949189 a prime number?
False
Is 64107143 prime?
True
Is 199939063147 composite?
False
Is 1186702169 a composite number?
False
Is 2039707207 composite?
False
Is 14723485439 a prime number?
False
Is 4532476691 a composite number?
True
Is 161273293 a composite number?
False
Is 885366917 prime?
True
Is 2254032563 composite?
True
Is 109351329929 a prime number?
False
Is 3336841987 a composite number?
True
Is 1451803069 prime?
False
Is 6466261973 a composite number?
True
Is 75611221 a prime number?
False
Is 4464490027 composite?
False
Is 2658142033 prime?
False
Is 270027083 prime?
False
Is 5346788963 prime?
True
Is 322753571107 a composite number?
True
Is 1557839039 prime?
False
Is 8578775203 prime?
False
Is 17930869367 a composite number?
True
Is 1731086899 prime?
False
Is 16441953851 composite?
False
Is 17727499 composite?
True
Is 26262965629 a composite number?
False
Is 455656009 a prime number?
True
Is 7850773447 composite?
True
Is 5534888413 prime?
True
Is 359027959 prime?
True
Is 3400592401 a composite number?
True
Is 19032409757 a composite number?
False
Is 706738547 a prime number?
True
Is 105872856499 composite?
True
Is 18283761269 a prime number?
False
Is 814507203 composite?
True
Is 103743340019 a composite number?
True
Is 24838008521 composite?
False
Is 6657524647 a composite number?
True
Is 75866467951 a composite number?
False
Is 7904781271 composite?
False
Is 2025612929 composite?
False
Is 1562711257 composite?
False
Is 24636834643 prime?
True
Is 6297425179 prime?
False
Is 12328593931 prime?
True
Is 2826811661 a prime number?
True
Is 702841903 prime?
False
Is 34151194777 prime?
False
Is 184399651 composite?
False
Is 4382316821 composite?
False
Is 19923653 composite?
True
Is 543935071 composite?
False
Is 183432749 composite?
False
Is 117228289 composite?
True
Is 4976816651 prime?
True
Is 3153585893 a composite number?
True
Is 665130419 a composite number?
True
Is 1927312987 prime?
True
Is 186369913 a composite number?
False
Is 7074305873 composite?
False
Is 25632604223 a prime number?
True
Is 8364239393 composite?
False
Is 1339820137 prime?
True
Is 2096455451 a prime number?
False
Is 3600011533 a composite number?
True
Is 12003420049 composite?
False
Is 526110251 composite?
True
Is 13537957 a composite number?
False
Is 1265044067 a composite number?
True
Is 417004223 a prime number?
False
Is 49853352613 prime?
True
Is 614283809 a prime number?
True
Is 6458790571 a prime number?
True
Is 11350637657 composite?
True
Is 14928076211 composite?
False
Is 41421353305 a prime number?
False
Is 10249741 prime?
False
Is 849552523 a prime number?
False
Is 866577931 a composite number?
True
Is 4452939797 prime?
True
Is 90290031893 composite?
True
Is 93444794581 prime?
True
Is 424406167 a prime number?
False
Is 3512091155 a composite number?
True
Is 41237497715 a prime number?
False
Is 20650894231 a prime number?
False
Is 75555458789 a prime number?
True
Is 11725402049 a composite number?
False
Is 3420704731 prime?
True
Is 1376713127 composite?
True
Is 24919149397 a prime number?
False
Is 14889468803 a composite number?
True
Is 5676617 a prime number?
True
Is 5949264907 a prime number?
False
Is 39767474027 a prime number?
False
Is 2088069839 prime?
True
Is 21672640429 a composite number?
True
Is 2013837643 a composite number?
False
Is 5365797883 a composite number?
True
Is 37230659681 a prime number?
False
Is 721993267 a prime number?
False
Is 1542651079 composite?
True
Is 1782858899 a composite nu